{"id":3436,"date":"2023-01-16T22:17:18","date_gmt":"2023-01-16T21:17:18","guid":{"rendered":"http:\/\/arrascyclo.fr\/?page_id=3436"},"modified":"2024-06-25T15:18:35","modified_gmt":"2024-06-25T13:18:35","slug":"2023-2","status":"publish","type":"page","link":"https:\/\/arrascyclo.fr\/index.php\/photos\/2023-2\/","title":{"rendered":"2023"},"content":{"rendered":"\n<p class=\"has-large-font-size\">Les sorties<\/p>\n\n\n\n<p><\/p>\n\n\n\n<figure class=\"wp-block-gallery has-nested-images columns-default is-cropped wp-block-gallery-1 is-layout-flex wp-block-gallery-is-layout-flex\">\n<figure class=\"wp-block-image size-large\"><img decoding=\"async\" width=\"1024\" height=\"768\" data-id=\"3466\" src=\"https:\/\/arrascyclo.fr\/wp-content\/uploads\/2023\/02\/326431506_733510141371407_3276658256602160684_n.jpg\" alt=\"\" class=\"wp-image-3466\" srcset=\"https:\/\/arrascyclo.fr\/wp-content\/uploads\/2023\/02\/326431506_733510141371407_3276658256602160684_n.jpg 1024w, https:\/\/arrascyclo.fr\/wp-content\/uploads\/2023\/02\/326431506_733510141371407_3276658256602160684_n-300x225.jpg 300w, https:\/\/arrascyclo.fr\/wp-content\/uploads\/2023\/02\/326431506_733510141371407_3276658256602160684_n-768x576.jpg 768w, https:\/\/arrascyclo.fr\/wp-content\/uploads\/2023\/02\/326431506_733510141371407_3276658256602160684_n-150x113.jpg 150w, https:\/\/arrascyclo.fr\/wp-content\/uploads\/2023\/02\/326431506_733510141371407_3276658256602160684_n-200x150.jpg 200w\" sizes=\"(max-width: 1024px) 100vw, 1024px\" \/><figcaption class=\"wp-element-caption\">22\/01\/23<\/figcaption><\/figure>\n\n\n\n<figure class=\"wp-block-image size-large\"><img decoding=\"async\" width=\"1024\" height=\"768\" data-id=\"3467\" src=\"https:\/\/arrascyclo.fr\/wp-content\/uploads\/2023\/02\/329362589_1383078562510054_1834781884860601125_n.jpg\" alt=\"\" class=\"wp-image-3467\" srcset=\"https:\/\/arrascyclo.fr\/wp-content\/uploads\/2023\/02\/329362589_1383078562510054_1834781884860601125_n.jpg 1024w, https:\/\/arrascyclo.fr\/wp-content\/uploads\/2023\/02\/329362589_1383078562510054_1834781884860601125_n-300x225.jpg 300w, https:\/\/arrascyclo.fr\/wp-content\/uploads\/2023\/02\/329362589_1383078562510054_1834781884860601125_n-768x576.jpg 768w, https:\/\/arrascyclo.fr\/wp-content\/uploads\/2023\/02\/329362589_1383078562510054_1834781884860601125_n-150x113.jpg 150w, https:\/\/arrascyclo.fr\/wp-content\/uploads\/2023\/02\/329362589_1383078562510054_1834781884860601125_n-200x150.jpg 200w\" sizes=\"(max-width: 1024px) 100vw, 1024px\" \/><figcaption class=\"wp-element-caption\">22\/01\/23<\/figcaption><\/figure>\n<\/figure>\n\n\n\n<figure class=\"wp-block-gallery has-nested-images columns-3 is-cropped wp-block-gallery-2 is-layout-flex wp-block-gallery-is-layout-flex\">\n<figure class=\"wp-block-image size-large\"><a href=\"https:\/\/arrascyclo.fr\/wp-content\/uploads\/2023\/01\/325459635_5810749502342981_4258693734598593296_n.jpg\"><img decoding=\"async\" width=\"1024\" height=\"768\" data-id=\"3442\" src=\"https:\/\/arrascyclo.fr\/wp-content\/uploads\/2023\/01\/325459635_5810749502342981_4258693734598593296_n-1024x768.jpg\" alt=\"\" class=\"wp-image-3442\" srcset=\"https:\/\/arrascyclo.fr\/wp-content\/uploads\/2023\/01\/325459635_5810749502342981_4258693734598593296_n-1024x768.jpg 1024w, https:\/\/arrascyclo.fr\/wp-content\/uploads\/2023\/01\/325459635_5810749502342981_4258693734598593296_n-300x225.jpg 300w, https:\/\/arrascyclo.fr\/wp-content\/uploads\/2023\/01\/325459635_5810749502342981_4258693734598593296_n-768x576.jpg 768w, https:\/\/arrascyclo.fr\/wp-content\/uploads\/2023\/01\/325459635_5810749502342981_4258693734598593296_n-1536x1152.jpg 1536w, https:\/\/arrascyclo.fr\/wp-content\/uploads\/2023\/01\/325459635_5810749502342981_4258693734598593296_n-150x113.jpg 150w, https:\/\/arrascyclo.fr\/wp-content\/uploads\/2023\/01\/325459635_5810749502342981_4258693734598593296_n-200x150.jpg 200w, https:\/\/arrascyclo.fr\/wp-content\/uploads\/2023\/01\/325459635_5810749502342981_4258693734598593296_n.jpg 1600w\" sizes=\"(max-width: 1024px) 100vw, 1024px\" \/><\/a><figcaption class=\"wp-element-caption\">15\/01\/23<\/figcaption><\/figure>\n\n\n\n<figure class=\"wp-block-image size-large\"><a href=\"https:\/\/arrascyclo.fr\/wp-content\/uploads\/2023\/01\/325448176_543780301115381_5380111803245439382_n.jpg\"><img decoding=\"async\" width=\"1024\" height=\"769\" data-id=\"3443\" src=\"https:\/\/arrascyclo.fr\/wp-content\/uploads\/2023\/01\/325448176_543780301115381_5380111803245439382_n-1024x769.jpg\" alt=\"\" class=\"wp-image-3443\" srcset=\"https:\/\/arrascyclo.fr\/wp-content\/uploads\/2023\/01\/325448176_543780301115381_5380111803245439382_n-1024x769.jpg 1024w, https:\/\/arrascyclo.fr\/wp-content\/uploads\/2023\/01\/325448176_543780301115381_5380111803245439382_n-300x225.jpg 300w, https:\/\/arrascyclo.fr\/wp-content\/uploads\/2023\/01\/325448176_543780301115381_5380111803245439382_n-768x576.jpg 768w, https:\/\/arrascyclo.fr\/wp-content\/uploads\/2023\/01\/325448176_543780301115381_5380111803245439382_n-1536x1153.jpg 1536w, https:\/\/arrascyclo.fr\/wp-content\/uploads\/2023\/01\/325448176_543780301115381_5380111803245439382_n-150x113.jpg 150w, https:\/\/arrascyclo.fr\/wp-content\/uploads\/2023\/01\/325448176_543780301115381_5380111803245439382_n-200x150.jpg 200w, https:\/\/arrascyclo.fr\/wp-content\/uploads\/2023\/01\/325448176_543780301115381_5380111803245439382_n.jpg 1600w\" sizes=\"(max-width: 1024px) 100vw, 1024px\" \/><\/a><figcaption class=\"wp-element-caption\">15\/01\/23<\/figcaption><\/figure>\n\n\n\n<figure class=\"wp-block-image size-large\"><a href=\"https:\/\/arrascyclo.fr\/wp-content\/uploads\/2023\/01\/325428408_579603126871468_4627812685458642383_n.jpg\"><img decoding=\"async\" width=\"768\" height=\"1024\" data-id=\"3444\" src=\"https:\/\/arrascyclo.fr\/wp-content\/uploads\/2023\/01\/325428408_579603126871468_4627812685458642383_n.jpg\" alt=\"\" class=\"wp-image-3444\" srcset=\"https:\/\/arrascyclo.fr\/wp-content\/uploads\/2023\/01\/325428408_579603126871468_4627812685458642383_n.jpg 768w, https:\/\/arrascyclo.fr\/wp-content\/uploads\/2023\/01\/325428408_579603126871468_4627812685458642383_n-225x300.jpg 225w, https:\/\/arrascyclo.fr\/wp-content\/uploads\/2023\/01\/325428408_579603126871468_4627812685458642383_n-113x150.jpg 113w\" sizes=\"(max-width: 768px) 100vw, 768px\" \/><\/a><figcaption class=\"wp-element-caption\">15\/01\/23<\/figcaption><\/figure>\n\n\n\n<figure class=\"wp-block-image size-large\"><a href=\"https:\/\/arrascyclo.fr\/wp-content\/uploads\/2023\/02\/230108.jpg\"><img decoding=\"async\" width=\"1024\" height=\"768\" data-id=\"3472\" src=\"https:\/\/arrascyclo.fr\/wp-content\/uploads\/2023\/02\/230108.jpg\" alt=\"\" class=\"wp-image-3472\" srcset=\"https:\/\/arrascyclo.fr\/wp-content\/uploads\/2023\/02\/230108.jpg 1024w, https:\/\/arrascyclo.fr\/wp-content\/uploads\/2023\/02\/230108-300x225.jpg 300w, https:\/\/arrascyclo.fr\/wp-content\/uploads\/2023\/02\/230108-768x576.jpg 768w, https:\/\/arrascyclo.fr\/wp-content\/uploads\/2023\/02\/230108-150x113.jpg 150w, https:\/\/arrascyclo.fr\/wp-content\/uploads\/2023\/02\/230108-200x150.jpg 200w\" sizes=\"(max-width: 1024px) 100vw, 1024px\" \/><\/a><figcaption class=\"wp-element-caption\">08\/01\/23<\/figcaption><\/figure>\n\n\n\n<figure class=\"wp-block-image size-large\"><a href=\"https:\/\/arrascyclo.fr\/wp-content\/uploads\/2023\/02\/320446927_5941109822619240_3519613975717395958_n.jpg\"><img decoding=\"async\" width=\"1024\" height=\"768\" data-id=\"3463\" src=\"https:\/\/arrascyclo.fr\/wp-content\/uploads\/2023\/02\/320446927_5941109822619240_3519613975717395958_n.jpg\" alt=\"\" class=\"wp-image-3463\" srcset=\"https:\/\/arrascyclo.fr\/wp-content\/uploads\/2023\/02\/320446927_5941109822619240_3519613975717395958_n.jpg 1024w, https:\/\/arrascyclo.fr\/wp-content\/uploads\/2023\/02\/320446927_5941109822619240_3519613975717395958_n-300x225.jpg 300w, https:\/\/arrascyclo.fr\/wp-content\/uploads\/2023\/02\/320446927_5941109822619240_3519613975717395958_n-768x576.jpg 768w, https:\/\/arrascyclo.fr\/wp-content\/uploads\/2023\/02\/320446927_5941109822619240_3519613975717395958_n-150x113.jpg 150w, https:\/\/arrascyclo.fr\/wp-content\/uploads\/2023\/02\/320446927_5941109822619240_3519613975717395958_n-200x150.jpg 200w\" sizes=\"(max-width: 1024px) 100vw, 1024px\" \/><\/a><\/figure>\n\n\n\n<figure class=\"wp-block-image size-large\"><a href=\"https:\/\/arrascyclo.fr\/wp-content\/uploads\/2023\/02\/326990954_1553171115149374_667850386968916454_n.jpg\"><img decoding=\"async\" width=\"1024\" height=\"768\" data-id=\"3464\" src=\"https:\/\/arrascyclo.fr\/wp-content\/uploads\/2023\/02\/326990954_1553171115149374_667850386968916454_n.jpg\" alt=\"\" class=\"wp-image-3464\" srcset=\"https:\/\/arrascyclo.fr\/wp-content\/uploads\/2023\/02\/326990954_1553171115149374_667850386968916454_n.jpg 1024w, https:\/\/arrascyclo.fr\/wp-content\/uploads\/2023\/02\/326990954_1553171115149374_667850386968916454_n-300x225.jpg 300w, https:\/\/arrascyclo.fr\/wp-content\/uploads\/2023\/02\/326990954_1553171115149374_667850386968916454_n-768x576.jpg 768w, https:\/\/arrascyclo.fr\/wp-content\/uploads\/2023\/02\/326990954_1553171115149374_667850386968916454_n-150x113.jpg 150w, https:\/\/arrascyclo.fr\/wp-content\/uploads\/2023\/02\/326990954_1553171115149374_667850386968916454_n-200x150.jpg 200w\" sizes=\"(max-width: 1024px) 100vw, 1024px\" \/><\/a><\/figure>\n<\/figure>\n\n\n\n<p class=\"has-large-font-size\">Arras &#8211; Le Touquet<\/p>\n\n\n\n<figure class=\"wp-block-image size-full is-resized\"><img decoding=\"async\" width=\"1024\" height=\"768\" src=\"http:\/\/arrascyclo.fr\/wp-content\/uploads\/2023\/07\/IMG-20230703-WA0010-1.jpg\" alt=\"\" class=\"wp-image-3539\" style=\"width:839px;height:630px\" srcset=\"https:\/\/arrascyclo.fr\/wp-content\/uploads\/2023\/07\/IMG-20230703-WA0010-1.jpg 1024w, https:\/\/arrascyclo.fr\/wp-content\/uploads\/2023\/07\/IMG-20230703-WA0010-1-300x225.jpg 300w, https:\/\/arrascyclo.fr\/wp-content\/uploads\/2023\/07\/IMG-20230703-WA0010-1-768x576.jpg 768w, https:\/\/arrascyclo.fr\/wp-content\/uploads\/2023\/07\/IMG-20230703-WA0010-1-150x113.jpg 150w, https:\/\/arrascyclo.fr\/wp-content\/uploads\/2023\/07\/IMG-20230703-WA0010-1-200x150.jpg 200w\" sizes=\"(max-width: 1024px) 100vw, 1024px\" \/><figcaption class=\"wp-element-caption\">Le d\u00e9part<\/figcaption><\/figure>\n\n\n\n<figure class=\"wp-block-gallery has-nested-images columns-default is-cropped wp-block-gallery-3 is-layout-flex wp-block-gallery-is-layout-flex\">\n<figure class=\"wp-block-image size-large\"><img decoding=\"async\" width=\"1024\" height=\"768\" data-id=\"3542\" src=\"https:\/\/arrascyclo.fr\/wp-content\/uploads\/2023\/07\/IMG-20230703-WA0021.jpg\" alt=\"\" class=\"wp-image-3542\" srcset=\"https:\/\/arrascyclo.fr\/wp-content\/uploads\/2023\/07\/IMG-20230703-WA0021.jpg 1024w, https:\/\/arrascyclo.fr\/wp-content\/uploads\/2023\/07\/IMG-20230703-WA0021-300x225.jpg 300w, https:\/\/arrascyclo.fr\/wp-content\/uploads\/2023\/07\/IMG-20230703-WA0021-768x576.jpg 768w, https:\/\/arrascyclo.fr\/wp-content\/uploads\/2023\/07\/IMG-20230703-WA0021-150x113.jpg 150w, https:\/\/arrascyclo.fr\/wp-content\/uploads\/2023\/07\/IMG-20230703-WA0021-200x150.jpg 200w\" sizes=\"(max-width: 1024px) 100vw, 1024px\" \/><\/figure>\n\n\n\n<figure class=\"wp-block-image size-large\"><img decoding=\"async\" width=\"768\" height=\"1024\" data-id=\"3521\" src=\"https:\/\/arrascyclo.fr\/wp-content\/uploads\/2023\/07\/02072023.1-1-768x1024.jpg\" alt=\"\" class=\"wp-image-3521\" srcset=\"https:\/\/arrascyclo.fr\/wp-content\/uploads\/2023\/07\/02072023.1-1-768x1024.jpg 768w, https:\/\/arrascyclo.fr\/wp-content\/uploads\/2023\/07\/02072023.1-1-225x300.jpg 225w, https:\/\/arrascyclo.fr\/wp-content\/uploads\/2023\/07\/02072023.1-1-113x150.jpg 113w, https:\/\/arrascyclo.fr\/wp-content\/uploads\/2023\/07\/02072023.1-1.jpg 843w\" sizes=\"(max-width: 768px) 100vw, 768px\" \/><figcaption class=\"wp-element-caption\">02\/07\/2023<\/figcaption><\/figure>\n\n\n\n<figure class=\"wp-block-image size-large\"><img decoding=\"async\" width=\"768\" height=\"1024\" data-id=\"3522\" src=\"https:\/\/arrascyclo.fr\/wp-content\/uploads\/2023\/07\/IMG-20230703-WA0008-1.jpg\" alt=\"\" class=\"wp-image-3522\" srcset=\"https:\/\/arrascyclo.fr\/wp-content\/uploads\/2023\/07\/IMG-20230703-WA0008-1.jpg 768w, https:\/\/arrascyclo.fr\/wp-content\/uploads\/2023\/07\/IMG-20230703-WA0008-1-225x300.jpg 225w, https:\/\/arrascyclo.fr\/wp-content\/uploads\/2023\/07\/IMG-20230703-WA0008-1-113x150.jpg 113w\" sizes=\"(max-width: 768px) 100vw, 768px\" \/><figcaption class=\"wp-element-caption\">02\/07\/2023<\/figcaption><\/figure>\n<\/figure>\n\n\n\n<figure class=\"wp-block-gallery has-nested-images columns-default is-cropped wp-block-gallery-4 is-layout-flex wp-block-gallery-is-layout-flex\">\n<figure class=\"wp-block-image size-large\"><img decoding=\"async\" width=\"1024\" height=\"974\" data-id=\"3523\" src=\"https:\/\/arrascyclo.fr\/wp-content\/uploads\/2023\/07\/IMG-20230703-WA0000-2.jpg\" alt=\"\" class=\"wp-image-3523\" srcset=\"https:\/\/arrascyclo.fr\/wp-content\/uploads\/2023\/07\/IMG-20230703-WA0000-2.jpg 1024w, https:\/\/arrascyclo.fr\/wp-content\/uploads\/2023\/07\/IMG-20230703-WA0000-2-300x285.jpg 300w, https:\/\/arrascyclo.fr\/wp-content\/uploads\/2023\/07\/IMG-20230703-WA0000-2-768x731.jpg 768w, https:\/\/arrascyclo.fr\/wp-content\/uploads\/2023\/07\/IMG-20230703-WA0000-2-150x143.jpg 150w, https:\/\/arrascyclo.fr\/wp-content\/uploads\/2023\/07\/IMG-20230703-WA0000-2-158x150.jpg 158w\" sizes=\"(max-width: 1024px) 100vw, 1024px\" \/><figcaption class=\"wp-element-caption\">02\/07\/2023<\/figcaption><\/figure>\n\n\n\n<figure class=\"wp-block-image size-large\"><img decoding=\"async\" width=\"1018\" height=\"1024\" data-id=\"3524\" src=\"https:\/\/arrascyclo.fr\/wp-content\/uploads\/2023\/07\/IMG-20230703-WA0003.jpg\" alt=\"\" class=\"wp-image-3524\" srcset=\"https:\/\/arrascyclo.fr\/wp-content\/uploads\/2023\/07\/IMG-20230703-WA0003.jpg 1018w, https:\/\/arrascyclo.fr\/wp-content\/uploads\/2023\/07\/IMG-20230703-WA0003-298x300.jpg 298w, https:\/\/arrascyclo.fr\/wp-content\/uploads\/2023\/07\/IMG-20230703-WA0003-150x150.jpg 150w, https:\/\/arrascyclo.fr\/wp-content\/uploads\/2023\/07\/IMG-20230703-WA0003-768x773.jpg 768w, https:\/\/arrascyclo.fr\/wp-content\/uploads\/2023\/07\/IMG-20230703-WA0003-149x150.jpg 149w\" sizes=\"(max-width: 1018px) 100vw, 1018px\" \/><figcaption class=\"wp-element-caption\">02\/07\/2023<\/figcaption><\/figure>\n\n\n\n<figure class=\"wp-block-image size-large\"><img decoding=\"async\" width=\"1024\" height=\"950\" data-id=\"3525\" src=\"https:\/\/arrascyclo.fr\/wp-content\/uploads\/2023\/07\/IMG-20230703-WA0004.jpg\" alt=\"\" class=\"wp-image-3525\" srcset=\"https:\/\/arrascyclo.fr\/wp-content\/uploads\/2023\/07\/IMG-20230703-WA0004.jpg 1024w, https:\/\/arrascyclo.fr\/wp-content\/uploads\/2023\/07\/IMG-20230703-WA0004-300x278.jpg 300w, https:\/\/arrascyclo.fr\/wp-content\/uploads\/2023\/07\/IMG-20230703-WA0004-768x713.jpg 768w, https:\/\/arrascyclo.fr\/wp-content\/uploads\/2023\/07\/IMG-20230703-WA0004-150x139.jpg 150w, https:\/\/arrascyclo.fr\/wp-content\/uploads\/2023\/07\/IMG-20230703-WA0004-162x150.jpg 162w\" sizes=\"(max-width: 1024px) 100vw, 1024px\" \/><figcaption class=\"wp-element-caption\">02\/07\/2023<\/figcaption><\/figure>\n<\/figure>\n\n\n\n<figure class=\"wp-block-gallery has-nested-images columns-default is-cropped wp-block-gallery-5 is-layout-flex wp-block-gallery-is-layout-flex\">\n<figure class=\"wp-block-image size-large\"><img decoding=\"async\" width=\"640\" height=\"480\" data-id=\"3528\" src=\"https:\/\/arrascyclo.fr\/wp-content\/uploads\/2023\/07\/IMG_0510.jpg\" alt=\"\" class=\"wp-image-3528\" srcset=\"https:\/\/arrascyclo.fr\/wp-content\/uploads\/2023\/07\/IMG_0510.jpg 640w, https:\/\/arrascyclo.fr\/wp-content\/uploads\/2023\/07\/IMG_0510-300x225.jpg 300w, https:\/\/arrascyclo.fr\/wp-content\/uploads\/2023\/07\/IMG_0510-150x113.jpg 150w, https:\/\/arrascyclo.fr\/wp-content\/uploads\/2023\/07\/IMG_0510-200x150.jpg 200w\" sizes=\"(max-width: 640px) 100vw, 640px\" \/><\/figure>\n\n\n\n<figure class=\"wp-block-image size-large\"><img decoding=\"async\" width=\"640\" height=\"480\" data-id=\"3529\" src=\"https:\/\/arrascyclo.fr\/wp-content\/uploads\/2023\/07\/IMG_0511.jpg\" alt=\"\" class=\"wp-image-3529\" srcset=\"https:\/\/arrascyclo.fr\/wp-content\/uploads\/2023\/07\/IMG_0511.jpg 640w, https:\/\/arrascyclo.fr\/wp-content\/uploads\/2023\/07\/IMG_0511-300x225.jpg 300w, https:\/\/arrascyclo.fr\/wp-content\/uploads\/2023\/07\/IMG_0511-150x113.jpg 150w, https:\/\/arrascyclo.fr\/wp-content\/uploads\/2023\/07\/IMG_0511-200x150.jpg 200w\" sizes=\"(max-width: 640px) 100vw, 640px\" \/><\/figure>\n\n\n\n<figure class=\"wp-block-image size-large\"><img decoding=\"async\" width=\"640\" height=\"480\" data-id=\"3530\" src=\"https:\/\/arrascyclo.fr\/wp-content\/uploads\/2023\/07\/IMG_0512.jpg\" alt=\"\" class=\"wp-image-3530\" srcset=\"https:\/\/arrascyclo.fr\/wp-content\/uploads\/2023\/07\/IMG_0512.jpg 640w, https:\/\/arrascyclo.fr\/wp-content\/uploads\/2023\/07\/IMG_0512-300x225.jpg 300w, https:\/\/arrascyclo.fr\/wp-content\/uploads\/2023\/07\/IMG_0512-150x113.jpg 150w, https:\/\/arrascyclo.fr\/wp-content\/uploads\/2023\/07\/IMG_0512-200x150.jpg 200w\" sizes=\"(max-width: 640px) 100vw, 640px\" \/><\/figure>\n<\/figure>\n\n\n\n<figure class=\"wp-block-gallery has-nested-images columns-default is-cropped wp-block-gallery-6 is-layout-flex wp-block-gallery-is-layout-flex\">\n<figure class=\"wp-block-image size-large\"><img decoding=\"async\" width=\"640\" height=\"480\" data-id=\"3531\" src=\"https:\/\/arrascyclo.fr\/wp-content\/uploads\/2023\/07\/IMG_0513.jpg\" alt=\"\" class=\"wp-image-3531\" srcset=\"https:\/\/arrascyclo.fr\/wp-content\/uploads\/2023\/07\/IMG_0513.jpg 640w, https:\/\/arrascyclo.fr\/wp-content\/uploads\/2023\/07\/IMG_0513-300x225.jpg 300w, https:\/\/arrascyclo.fr\/wp-content\/uploads\/2023\/07\/IMG_0513-150x113.jpg 150w, https:\/\/arrascyclo.fr\/wp-content\/uploads\/2023\/07\/IMG_0513-200x150.jpg 200w\" sizes=\"(max-width: 640px) 100vw, 640px\" \/><\/figure>\n\n\n\n<figure class=\"wp-block-image size-large\"><img decoding=\"async\" width=\"640\" height=\"480\" data-id=\"3532\" src=\"https:\/\/arrascyclo.fr\/wp-content\/uploads\/2023\/07\/IMG_0514.jpg\" alt=\"\" class=\"wp-image-3532\" srcset=\"https:\/\/arrascyclo.fr\/wp-content\/uploads\/2023\/07\/IMG_0514.jpg 640w, https:\/\/arrascyclo.fr\/wp-content\/uploads\/2023\/07\/IMG_0514-300x225.jpg 300w, https:\/\/arrascyclo.fr\/wp-content\/uploads\/2023\/07\/IMG_0514-150x113.jpg 150w, https:\/\/arrascyclo.fr\/wp-content\/uploads\/2023\/07\/IMG_0514-200x150.jpg 200w\" sizes=\"(max-width: 640px) 100vw, 640px\" \/><\/figure>\n<\/figure>\n\n\n\n<figure class=\"wp-block-gallery has-nested-images columns-default is-cropped wp-block-gallery-7 is-layout-flex wp-block-gallery-is-layout-flex\">\n<figure class=\"wp-block-image size-large\"><img decoding=\"async\" width=\"1024\" height=\"768\" data-id=\"3537\" src=\"https:\/\/arrascyclo.fr\/wp-content\/uploads\/2023\/07\/IMG-20230703-WA0013.jpg\" alt=\"\" class=\"wp-image-3537\" srcset=\"https:\/\/arrascyclo.fr\/wp-content\/uploads\/2023\/07\/IMG-20230703-WA0013.jpg 1024w, https:\/\/arrascyclo.fr\/wp-content\/uploads\/2023\/07\/IMG-20230703-WA0013-300x225.jpg 300w, https:\/\/arrascyclo.fr\/wp-content\/uploads\/2023\/07\/IMG-20230703-WA0013-768x576.jpg 768w, https:\/\/arrascyclo.fr\/wp-content\/uploads\/2023\/07\/IMG-20230703-WA0013-150x113.jpg 150w, https:\/\/arrascyclo.fr\/wp-content\/uploads\/2023\/07\/IMG-20230703-WA0013-200x150.jpg 200w\" sizes=\"(max-width: 1024px) 100vw, 1024px\" \/><\/figure>\n\n\n\n<figure class=\"wp-block-image size-large\"><img decoding=\"async\" width=\"1024\" height=\"768\" data-id=\"3534\" src=\"https:\/\/arrascyclo.fr\/wp-content\/uploads\/2023\/07\/IMG-20230703-WA0020.jpg\" alt=\"\" class=\"wp-image-3534\" srcset=\"https:\/\/arrascyclo.fr\/wp-content\/uploads\/2023\/07\/IMG-20230703-WA0020.jpg 1024w, https:\/\/arrascyclo.fr\/wp-content\/uploads\/2023\/07\/IMG-20230703-WA0020-300x225.jpg 300w, https:\/\/arrascyclo.fr\/wp-content\/uploads\/2023\/07\/IMG-20230703-WA0020-768x576.jpg 768w, https:\/\/arrascyclo.fr\/wp-content\/uploads\/2023\/07\/IMG-20230703-WA0020-150x113.jpg 150w, https:\/\/arrascyclo.fr\/wp-content\/uploads\/2023\/07\/IMG-20230703-WA0020-200x150.jpg 200w\" sizes=\"(max-width: 1024px) 100vw, 1024px\" \/><figcaption class=\"wp-element-caption\">Le retour<\/figcaption><\/figure>\n\n\n\n<figure class=\"wp-block-image size-large\"><img decoding=\"async\" width=\"1024\" height=\"768\" data-id=\"3535\" src=\"https:\/\/arrascyclo.fr\/wp-content\/uploads\/2023\/07\/IMG-20230703-WA0012.jpg\" alt=\"\" class=\"wp-image-3535\" srcset=\"https:\/\/arrascyclo.fr\/wp-content\/uploads\/2023\/07\/IMG-20230703-WA0012.jpg 1024w, https:\/\/arrascyclo.fr\/wp-content\/uploads\/2023\/07\/IMG-20230703-WA0012-300x225.jpg 300w, https:\/\/arrascyclo.fr\/wp-content\/uploads\/2023\/07\/IMG-20230703-WA0012-768x576.jpg 768w, https:\/\/arrascyclo.fr\/wp-content\/uploads\/2023\/07\/IMG-20230703-WA0012-150x113.jpg 150w, https:\/\/arrascyclo.fr\/wp-content\/uploads\/2023\/07\/IMG-20230703-WA0012-200x150.jpg 200w\" sizes=\"(max-width: 1024px) 100vw, 1024px\" \/><\/figure>\n<\/figure>\n\n\n\n<p class=\"has-large-font-size\">Assembl\u00e9e g\u00e9n\u00e9rale<\/p>\n\n\n\n<figure class=\"wp-block-gallery has-nested-images columns-default is-cropped wp-block-gallery-8 is-layout-flex wp-block-gallery-is-layout-flex\">\n<figure class=\"wp-block-image size-large\"><img decoding=\"async\" data-id=\"3596\" src=\"https:\/\/arrascyclo.fr\/wp-content\/uploads\/2023\/12\/image000000133-Copie.jpg\" alt=\"\" class=\"wp-image-3596\"\/><\/figure>\n\n\n\n<figure class=\"wp-block-image size-large\"><img decoding=\"async\" width=\"563\" height=\"424\" data-id=\"3589\" src=\"https:\/\/arrascyclo.fr\/wp-content\/uploads\/2023\/12\/image0000071.jpg\" alt=\"\" class=\"wp-image-3589\" srcset=\"https:\/\/arrascyclo.fr\/wp-content\/uploads\/2023\/12\/image0000071.jpg 563w, https:\/\/arrascyclo.fr\/wp-content\/uploads\/2023\/12\/image0000071-300x226.jpg 300w, https:\/\/arrascyclo.fr\/wp-content\/uploads\/2023\/12\/image0000071-150x113.jpg 150w, https:\/\/arrascyclo.fr\/wp-content\/uploads\/2023\/12\/image0000071-199x150.jpg 199w\" sizes=\"(max-width: 563px) 100vw, 563px\" \/><\/figure>\n\n\n\n<figure class=\"wp-block-image size-large\"><img decoding=\"async\" width=\"424\" height=\"563\" data-id=\"3591\" src=\"https:\/\/arrascyclo.fr\/wp-content\/uploads\/2023\/12\/image00000119.jpg\" alt=\"\" class=\"wp-image-3591\" srcset=\"https:\/\/arrascyclo.fr\/wp-content\/uploads\/2023\/12\/image00000119.jpg 424w, https:\/\/arrascyclo.fr\/wp-content\/uploads\/2023\/12\/image00000119-226x300.jpg 226w, https:\/\/arrascyclo.fr\/wp-content\/uploads\/2023\/12\/image00000119-113x150.jpg 113w\" sizes=\"(max-width: 424px) 100vw, 424px\" \/><\/figure>\n\n\n\n<figure class=\"wp-block-image size-large\"><img decoding=\"async\" width=\"563\" height=\"424\" data-id=\"3592\" src=\"https:\/\/arrascyclo.fr\/wp-content\/uploads\/2023\/12\/image00000215.jpg\" alt=\"\" class=\"wp-image-3592\" srcset=\"https:\/\/arrascyclo.fr\/wp-content\/uploads\/2023\/12\/image00000215.jpg 563w, https:\/\/arrascyclo.fr\/wp-content\/uploads\/2023\/12\/image00000215-300x226.jpg 300w, https:\/\/arrascyclo.fr\/wp-content\/uploads\/2023\/12\/image00000215-150x113.jpg 150w, https:\/\/arrascyclo.fr\/wp-content\/uploads\/2023\/12\/image00000215-199x150.jpg 199w\" sizes=\"(max-width: 563px) 100vw, 563px\" \/><\/figure>\n\n\n\n<figure class=\"wp-block-image size-large\"><img decoding=\"async\" width=\"563\" height=\"424\" data-id=\"3593\" src=\"https:\/\/arrascyclo.fr\/wp-content\/uploads\/2023\/12\/image00000313.jpg\" alt=\"\" class=\"wp-image-3593\" srcset=\"https:\/\/arrascyclo.fr\/wp-content\/uploads\/2023\/12\/image00000313.jpg 563w, https:\/\/arrascyclo.fr\/wp-content\/uploads\/2023\/12\/image00000313-300x226.jpg 300w, https:\/\/arrascyclo.fr\/wp-content\/uploads\/2023\/12\/image00000313-150x113.jpg 150w, https:\/\/arrascyclo.fr\/wp-content\/uploads\/2023\/12\/image00000313-199x150.jpg 199w\" sizes=\"(max-width: 563px) 100vw, 563px\" \/><\/figure>\n\n\n\n<figure class=\"wp-block-image size-large\"><img decoding=\"async\" data-id=\"3594\" src=\"https:\/\/arrascyclo.fr\/wp-content\/uploads\/2023\/12\/image00000411.jpg\" alt=\"\" class=\"wp-image-3594\"\/><\/figure>\n\n\n\n<figure class=\"wp-block-image size-large\"><img decoding=\"async\" width=\"424\" height=\"563\" data-id=\"3595\" src=\"https:\/\/arrascyclo.fr\/wp-content\/uploads\/2023\/12\/image0000051.jpg\" alt=\"\" class=\"wp-image-3595\" srcset=\"https:\/\/arrascyclo.fr\/wp-content\/uploads\/2023\/12\/image0000051.jpg 424w, https:\/\/arrascyclo.fr\/wp-content\/uploads\/2023\/12\/image0000051-226x300.jpg 226w, https:\/\/arrascyclo.fr\/wp-content\/uploads\/2023\/12\/image0000051-113x150.jpg 113w\" sizes=\"(max-width: 424px) 100vw, 424px\" \/><\/figure>\n<\/figure>\n\n\n\n<p><\/p>\n","protected":false},"excerpt":{"rendered":"<p>Les sorties Arras &#8211; Le Touquet Assembl\u00e9e g\u00e9n\u00e9rale<\/p>\n","protected":false},"author":1,"featured_media":0,"parent":25,"menu_order":1,"comment_status":"closed","ping_status":"closed","template":"","meta":{"footnotes":""},"class_list":["post-3436","page","type-page","status-publish","hentry"],"_links":{"self":[{"href":"https:\/\/arrascyclo.fr\/index.php\/wp-json\/wp\/v2\/pages\/3436"}],"collection":[{"href":"https:\/\/arrascyclo.fr\/index.php\/wp-json\/wp\/v2\/pages"}],"about":[{"href":"https:\/\/arrascyclo.fr\/index.php\/wp-json\/wp\/v2\/types\/page"}],"author":[{"embeddable":true,"href":"https:\/\/arrascyclo.fr\/index.php\/wp-json\/wp\/v2\/users\/1"}],"replies":[{"embeddable":true,"href":"https:\/\/arrascyclo.fr\/index.php\/wp-json\/wp\/v2\/comments?post=3436"}],"version-history":[{"count":16,"href":"https:\/\/arrascyclo.fr\/index.php\/wp-json\/wp\/v2\/pages\/3436\/revisions"}],"predecessor-version":[{"id":3705,"href":"https:\/\/arrascyclo.fr\/index.php\/wp-json\/wp\/v2\/pages\/3436\/revisions\/3705"}],"up":[{"embeddable":true,"href":"https:\/\/arrascyclo.fr\/index.php\/wp-json\/wp\/v2\/pages\/25"}],"wp:attachment":[{"href":"https:\/\/arrascyclo.fr\/index.php\/wp-json\/wp\/v2\/media?parent=3436"}],"curies":[{"name":"wp","href":"https:\/\/api.w.org\/{rel}","templated":true}]}}