{"id":716,"date":"2019-07-16T15:38:36","date_gmt":"2019-07-16T13:38:36","guid":{"rendered":"http:\/\/arrascyclo.fr\/?page_id=716"},"modified":"2026-02-11T12:08:42","modified_gmt":"2026-02-11T11:08:42","slug":"securite","status":"publish","type":"page","link":"https:\/\/arrascyclo.fr\/index.php\/page-d-exemple\/securite\/","title":{"rendered":"S\u00e9curit\u00e9"},"content":{"rendered":"\n<p class=\"has-cyan-bluish-gray-background-color has-background\"><strong>DECLARATION D&rsquo;ACCIDENT<\/strong><\/p>\n\n\n\n<p>Vous trouverez le formulaire \u00e0 remplir sur le site de la F\u00e9d\u00e9ration. <a href=\"mailto:info-ffvelo@ffvelo.fr\" target=\"_blank\" rel=\"noreferrer noopener\">info-ffvelo@ffvelo.fr<\/a> (faire un copi\u00e9 coll\u00e9) et vous munir de vos codes d&rsquo;acc\u00e8s<\/p>\n\n\n\n<p class=\"has-cyan-bluish-gray-background-color has-background has-medium-font-size\"><strong>Quelques r\u00e8gles \u00e9l\u00e9mentaires<\/strong><\/p>\n\n\n<div class=\"wp-block-image is-resized\">\n<figure class=\"aligncenter\"><a href=\"http:\/\/arrascyclo.fr\/wp-content\/uploads\/2019\/11\/vache-1.png\"><img decoding=\"async\" width=\"628\" height=\"839\" src=\"http:\/\/arrascyclo.fr\/wp-content\/uploads\/2019\/11\/vache-1.png\" alt=\"\" class=\"wp-image-2104\" srcset=\"https:\/\/arrascyclo.fr\/wp-content\/uploads\/2019\/11\/vache-1.png 628w, https:\/\/arrascyclo.fr\/wp-content\/uploads\/2019\/11\/vache-1-225x300.png 225w, https:\/\/arrascyclo.fr\/wp-content\/uploads\/2019\/11\/vache-1-112x150.png 112w\" sizes=\"(max-width: 628px) 100vw, 628px\" \/><\/a><\/figure><\/div>\n\n<div class=\"wp-block-image is-resized\">\n<figure class=\"aligncenter\"><a href=\"http:\/\/arrascyclo.fr\/wp-content\/uploads\/2019\/11\/signalisation-routiere-pistes-cyclables-1-2.jpg\"><img decoding=\"async\" width=\"450\" height=\"350\" src=\"http:\/\/arrascyclo.fr\/wp-content\/uploads\/2019\/11\/signalisation-routiere-pistes-cyclables-1-2.jpg\" alt=\"\" class=\"wp-image-2105\" srcset=\"https:\/\/arrascyclo.fr\/wp-content\/uploads\/2019\/11\/signalisation-routiere-pistes-cyclables-1-2.jpg 450w, https:\/\/arrascyclo.fr\/wp-content\/uploads\/2019\/11\/signalisation-routiere-pistes-cyclables-1-2-300x233.jpg 300w, https:\/\/arrascyclo.fr\/wp-content\/uploads\/2019\/11\/signalisation-routiere-pistes-cyclables-1-2-150x117.jpg 150w, https:\/\/arrascyclo.fr\/wp-content\/uploads\/2019\/11\/signalisation-routiere-pistes-cyclables-1-2-193x150.jpg 193w\" sizes=\"(max-width: 450px) 100vw, 450px\" \/><\/a><\/figure><\/div>\n\n<div class=\"wp-block-image is-resized\">\n<figure class=\"aligncenter\"><a href=\"http:\/\/arrascyclo.fr\/wp-content\/uploads\/2019\/11\/1250702-infographie-panneau-m12.png\"><img decoding=\"async\" width=\"750\" height=\"500\" src=\"http:\/\/arrascyclo.fr\/wp-content\/uploads\/2019\/11\/1250702-infographie-panneau-m12.png\" alt=\"\" class=\"wp-image-2107\" srcset=\"https:\/\/arrascyclo.fr\/wp-content\/uploads\/2019\/11\/1250702-infographie-panneau-m12.png 750w, https:\/\/arrascyclo.fr\/wp-content\/uploads\/2019\/11\/1250702-infographie-panneau-m12-300x200.png 300w, https:\/\/arrascyclo.fr\/wp-content\/uploads\/2019\/11\/1250702-infographie-panneau-m12-150x100.png 150w, https:\/\/arrascyclo.fr\/wp-content\/uploads\/2019\/11\/1250702-infographie-panneau-m12-225x150.png 225w\" sizes=\"(max-width: 750px) 100vw, 750px\" \/><\/a><\/figure><\/div>\n\n\n<p><\/p>\n","protected":false},"excerpt":{"rendered":"<p>DECLARATION D&rsquo;ACCIDENT Vous trouverez le formulaire \u00e0 remplir sur le site de la F\u00e9d\u00e9ration. info-ffvelo@ffvelo.fr (faire un copi\u00e9 coll\u00e9) et vous munir de vos codes d&rsquo;acc\u00e8s Quelques r\u00e8gles \u00e9l\u00e9mentaires<\/p>\n","protected":false},"author":1,"featured_media":0,"parent":2,"menu_order":1,"comment_status":"closed","ping_status":"closed","template":"","meta":{"footnotes":""},"class_list":["post-716","page","type-page","status-publish","hentry"],"_links":{"self":[{"href":"https:\/\/arrascyclo.fr\/index.php\/wp-json\/wp\/v2\/pages\/716"}],"collection":[{"href":"https:\/\/arrascyclo.fr\/index.php\/wp-json\/wp\/v2\/pages"}],"about":[{"href":"https:\/\/arrascyclo.fr\/index.php\/wp-json\/wp\/v2\/types\/page"}],"author":[{"embeddable":true,"href":"https:\/\/arrascyclo.fr\/index.php\/wp-json\/wp\/v2\/users\/1"}],"replies":[{"embeddable":true,"href":"https:\/\/arrascyclo.fr\/index.php\/wp-json\/wp\/v2\/comments?post=716"}],"version-history":[{"count":26,"href":"https:\/\/arrascyclo.fr\/index.php\/wp-json\/wp\/v2\/pages\/716\/revisions"}],"predecessor-version":[{"id":4233,"href":"https:\/\/arrascyclo.fr\/index.php\/wp-json\/wp\/v2\/pages\/716\/revisions\/4233"}],"up":[{"embeddable":true,"href":"https:\/\/arrascyclo.fr\/index.php\/wp-json\/wp\/v2\/pages\/2"}],"wp:attachment":[{"href":"https:\/\/arrascyclo.fr\/index.php\/wp-json\/wp\/v2\/media?parent=716"}],"curies":[{"name":"wp","href":"https:\/\/api.w.org\/{rel}","templated":true}]}}

Sécurité

<p class="has-cyan-bluish-gray-background-color has-background"><strong>DECLARATION D&rsquo;ACCIDENT</strong></p>



<p>Vous trouverez le formulaire à remplir sur le site de la Fédération. <a href="mailto:info-ffvelo@ffvelo.fr" target="_blank" rel="noreferrer noopener">info-ffvelo@ffvelo.fr</a> (faire un copié collé) et vous munir de vos codes d&rsquo;accès</p>



<p class="has-cyan-bluish-gray-background-color has-background has-medium-font-size"><strong>Quelques règles élémentaires</strong></p>


<div class="wp-block-image is-resized">
<figure class="aligncenter"><a href="http://arrascyclo.fr/wp-content/uploads/2019/11/vache-1.png"><img decoding="async" width="628" height="839" src="http://arrascyclo.fr/wp-content/uploads/2019/11/vache-1.png" alt="" class="wp-image-2104" srcset="https://arrascyclo.fr/wp-content/uploads/2019/11/vache-1.png 628w, https://arrascyclo.fr/wp-content/uploads/2019/11/vache-1-225x300.png 225w, https://arrascyclo.fr/wp-content/uploads/2019/11/vache-1-112x150.png 112w" sizes="(max-width: 628px) 100vw, 628px" /></a></figure></div>

<div class="wp-block-image is-resized">
<figure class="aligncenter"><a href="http://arrascyclo.fr/wp-content/uploads/2019/11/signalisation-routiere-pistes-cyclables-1-2.jpg"><img decoding="async" width="450" height="350" src="http://arrascyclo.fr/wp-content/uploads/2019/11/signalisation-routiere-pistes-cyclables-1-2.jpg" alt="" class="wp-image-2105" srcset="https://arrascyclo.fr/wp-content/uploads/2019/11/signalisation-routiere-pistes-cyclables-1-2.jpg 450w, https://arrascyclo.fr/wp-content/uploads/2019/11/signalisation-routiere-pistes-cyclables-1-2-300x233.jpg 300w, https://arrascyclo.fr/wp-content/uploads/2019/11/signalisation-routiere-pistes-cyclables-1-2-150x117.jpg 150w, https://arrascyclo.fr/wp-content/uploads/2019/11/signalisation-routiere-pistes-cyclables-1-2-193x150.jpg 193w" sizes="(max-width: 450px) 100vw, 450px" /></a></figure></div>

<div class="wp-block-image is-resized">
<figure class="aligncenter"><a href="http://arrascyclo.fr/wp-content/uploads/2019/11/1250702-infographie-panneau-m12.png"><img decoding="async" width="750" height="500" src="http://arrascyclo.fr/wp-content/uploads/2019/11/1250702-infographie-panneau-m12.png" alt="" class="wp-image-2107" srcset="https://arrascyclo.fr/wp-content/uploads/2019/11/1250702-infographie-panneau-m12.png 750w, https://arrascyclo.fr/wp-content/uploads/2019/11/1250702-infographie-panneau-m12-300x200.png 300w, https://arrascyclo.fr/wp-content/uploads/2019/11/1250702-infographie-panneau-m12-150x100.png 150w, https://arrascyclo.fr/wp-content/uploads/2019/11/1250702-infographie-panneau-m12-225x150.png 225w" sizes="(max-width: 750px) 100vw, 750px" /></a></figure></div>


<p></p>

<p>DECLARATION D&rsquo;ACCIDENT Vous trouverez le formulaire à remplir sur le site de la Fédération. info-ffvelo@ffvelo.fr (faire un copié collé) et vous munir de vos codes d&rsquo;accès Quelques règles élémentaires</p>
